der when 261 is divided by 39.
27
What is the remainder when 15 is divided by 10?
5
What is the remainder when 2255 is divided by 24?
23
What is the remainder when 65 is divided by 19?
8
What is the remainder when 659 is divided by 18?
11
Calculate the remainder when 2799 is divided by 80.
79
What is the remainder when 19 is divided by 18?
1
What is the remainder when 337 is divided by 166?
5
What is the remainder when 521 is divided by 258?
5
Calculate the remainder when 117 is divided by 41.
35
Calculate the remainder when 1033 is divided by 451.
131
Calculate the remainder when 112 is divided by 34.
10
Calculate the remainder when 683 is divided by 335.
13
Calculate the remainder when 484 is divided by 4.
0
Calculate the remainder when 1944 is divided by 59.
56
Calculate the remainder when 72 is divided by 14.
2
Calculate the remainder when 534 is divided by 77.
72
Calculate the remainder when 364 is divided by 94.
82
What is the remainder when 5538 is divided by 56?
50
Calculate the remainder when 16345 is divided by 22.
21
Calculate the remainder when 84 is divided by 64.
20
What is the remainder when 2191 is divided by 183?
178
Calculate the remainder when 41 is divided by 24.
17
Calculate the remainder when 2724 is divided by 249.
234
What is the remainder when 932 is divided by 88?
52
Calculate the remainder when 65 is divided by 4.
1
Calculate the remainder when 139 is divided by 36.
31
Calculate the remainder when 1424 is divided by 1421.
3
Calculate the remainder when 54 is divided by 7.
5
What is the remainder when 141 is divided by 34?
5
What is the remainder when 1652 is divided by 87?
86
What is the remainder when 1391 is divided by 1380?
11
What is the remainder when 94 is divided by 29?
7
Calculate the remainder when 75 is divided by 11.
9
Calculate the remainder when 312 is divided by 35.
32
What is the remainder when 141 is divided by 57?
27
What is the remainder when 385 is divided by 228?
157
What is the remainder when 4125 is divided by 14?
9
Calculate the remainder when 563 is divided by 12.
11
What is the remainder when 2068 is divided by 74?
70
What is the remainder when 14778 is divided by 4?
2
Calculate the remainder when 331 is divided by 49.
37
Calculate the remainder when 880 is divided by 99.
88
What is the remainder when 180 is divided by 88?
4
What is the remainder when 922 is divided by 457?
8
What is the remainder when 384 is divided by 331?
53
Calculate the remainder when 229 is divided by 25.
4
What is the remainder when 2155 is divided by 79?
22
What is the remainder when 73 is divided by 15?
13
Calculate the remainder when 155 is divided by 51.
2
What is the remainder when 767 is divided by 128?
127
What is the remainder when 2514 is divided by 350?
64
Calculate the remainder when 219 is divided by 76.
67
Calculate the remainder when 198 is divided by 177.
21
What is the remainder when 1168 is divided by 59?
47
What is the remainder when 157 is divided by 23?
19
What is the remainder when 340 is divided by 109?
13
What is the remainder when 118 is divided by 33?
19
What is the remainder when 1275 is divided by 29?
28
What is the remainder when 616 is divided by 154?
0
What is the remainder when 2342 is divided by 51?
47
What is the remainder when 285 is divided by 18?
15
What is the remainder when 684 is divided by 115?
109
Calculate the remainder when 12797 is divided by 27.
26
Calculate the remainder when 2309 is divided by 22.
21
What is the remainder when 177 is divided by 101?
76
What is the remainder when 1377 is divided by 466?
445
What is the remainder when 152 is divided by 34?
16
Calculate the remainder when 193 is divided by 18.
13
Calculate the remainder when 62 is divided by 16.
14
Calculate the remainder when 3391 is divided by 9.
7
What is the remainder when 367 is divided by 34?
27
What is the remainder when 287 is divided by 48?
47
Calculate the remainder when 69 is divided by 27.
15
Calculate the remainder when 782 is divided by 9.
8
What is the remainder when 230 is divided by 5?
0
What is the remainder when 3041 is divided by 7?
3
What is the remainder when 1271 is divided by 25?
21
What is the remainder when 66 is divided by 18?
12
What is the remainder when 95 is divided by 5?
0
Calculate the remainder when 76 is divided by 22.
10
Calculate the remainder when 261 is divided by 258.
3
Calculate the remainder when 1844 is divided by 272.
212
Calculate the remainder when 419 is divided by 86.
75
Calculate the remainder when 759 is divided by 136.
79
What is the remainder when 1821 is divided by 96?
93
Calculate the remainder when 148 is divided by 17.
12
Calculate the remainder when 7028 is divided by 31.
22
Calculate the remainder when 4728 is divided by 43.
41
What is the remainder when 439 is divided by 40?
39
Calculate the remainder when 834 is divided by 828.
6
What is the remainder when 5329 is divided by 41?
40
What is the remainder when 72 is divided by 4?
0
What is the remainder when 352 is divided by 43?
8
Calculate the remainder when 141 is divided by 83.
58
Calculate the remainder when 809 is divided by 6.
5
What is the remainder when 49 is divided by 5?
4
What is the remainder when 259 is divided by 125?
9
Calculate the remainder when 11757 is divided by 70.
67
What is the remainder when 272 is divided by 21?
20
Calculate the remainder when 474 is divided by 28.
26
What is the remainder when 201 is divided by 77?
47
What is the remainder when 155 is divided by 38?
3
What is the remainder when 192 is divided by 40?
32
What is the remainder when 206 is divided by 43?
34
What is the remainder when 1939 is divided by 9?
4
What is the remainder when 1091 is divided by 42?
41
Calculate the remainder when 77 is divided by 19.
1
What is the remainder when 39 is divided by 30?
9
Calculate the remainder when 1139 is divided by 280.
19
What is the remainder when 82 is divided by 17?
14
What is the remainder when 565 is divided by 551?
14
Calculate the remainder when 1508 is divided by 37.
28
Calculate the remainder when 59 is divided by 33.
26
Calculate the remainder when 54 is divided by 49.
5
What is the remainder when 193 is divided by 30?
13
What is the remainder when 58 is divided by 2?
0
Calculate the remainder when 164 is divided by 48.
20
What is the remainder when 122 is divided by 29?
6
Calculate the remainder when 806 is divided by 400.
6
Calculate the remainder when 86 is divided by 36.
14
What is the remainder when 898 is divided by 21?
16
What is the remainder when 104 is divided by 67?
37
Calculate the remainder when 1078 is divided by 107.
8
What is the remainder when 623 is divided by 39?
38
Calculate the remainder when 354 is divided by 101.
51
What is the remainder when 75 is divided by 35?
5
What is the remainder when 312 is divided by 108?
96
What is the remainder when 9451 is divided by 3138?
37
What is the remainder when 48 is divided by 25?
23
Calculate the remainder when 3009 is divided by 12.
9
What is the remainder when 8368 is divided by 34?
4
Calculate the remainder when 1780 is divided by 444.
4
What is the remainder when 125 is divided by 9?
8
Calculate the remainder when 192 is divided by 3.
0
What is the remainder when 250 is divided by 28?
26
What is the remainder when 1511 is divided by 300?
11
Calculate the remainder when 83 is divided by 18.
11
What is the remainder when 1809 is divided by 10?
9
Calculate the remainder when 1079 is divided by 55.
34
What is the remainder when 262 is divided by 6?
4
Calculate the remainder when 2075 is divided by 20.
15
Calculate the remainder when 204 is divided by 53.
45
Calculate the remainder when 8960 is divided by 309.
308
Calculate the remainder when 190 is divided by 32.
30
Calculate the remainder when 171 is divided by 86.
85
Calculate the remainder when 1623 is divided by 536.
15
Calculate the remainder when 51 is divided by 26.
25
What is the remainder when 159 is divided by 40?
39
What is the remainder when 110 is divided by 98?
12
Calculate the remainder when 2448 is divided by 46.
10
What is the remainder when 284 is divided by 57?
56
What is the remainder when 566 is divided by 19?
15
Calculate the remainder when 1554 is divided by 74.
0
What is the remainder when 2900 is divided by 24?
20
Calcul